{"id":1346,"date":"2018-07-29T23:24:47","date_gmt":"2018-07-29T20:24:47","guid":{"rendered":"http:\/\/ulunakliyat.com.tr\/?page_id=1346"},"modified":"2018-07-29T23:58:47","modified_gmt":"2018-07-29T20:58:47","slug":"yurtdisi","status":"publish","type":"page","link":"http:\/\/ulunakliyat.com.tr\/index.php\/yurtdisi\/","title":{"rendered":"YURTDI\u015eI"},"content":{"rendered":"<div class=\"wpb-content-wrapper\"><p>[vc_row][vc_column][vc_custom_heading text=&#8221;<strong>KESK\u0130N T\u00dcRK TES\u0130S\u0130<\/strong> | <strong>KECSKEMET MACAR\u0130STAN \/ HUNGARY<\/strong>&#8221; font_container=&#8221;tag:h4|text_align:center|color:%23000000&#8243; google_fonts=&#8221;font_family:Titillium%20Web%3A200%2C200italic%2C300%2C300italic%2Cregular%2Citalic%2C600%2C600italic%2C700%2C700italic%2C900|font_style:400%20regular%3A400%3Anormal&#8221;][vc_separator border_width=&#8221;2&#8243;][\/vc_column][\/vc_row][vc_row][vc_column][vc_images_carousel images=&#8221;1389,1390,1391,1392,1393,1394,1395,1396,1397&#8243; img_size=&#8221;full&#8221; speed=&#8221;3000&#8243; slides_per_view=&#8221;3&#8243; autoplay=&#8221;yes&#8221; wrap=&#8221;yes&#8221;][\/vc_column][\/vc_row][vc_row][vc_column width=&#8221;2\/3&#8243;][vc_single_image image=&#8221;1344&#8243; img_size=&#8221;full&#8221;][\/vc_column][vc_column width=&#8221;1\/3&#8243;][vc_single_image image=&#8221;1399&#8243; img_size=&#8221;medium&#8221; alignment=&#8221;center&#8221; label=&#8221;&#8221;][vc_column_text]<\/p>\n<p style=\"text-align: center;\">YurtD\u0131\u015f\u0131 Sorumlusu<br \/>\nSedat KESK\u0130N<br \/>\n<a href=\"mailto:sedatkeskin@keskinkartal.com\">sedatkeskin@keskinkartal.com<\/a><\/p>\n<p>[\/vc_column_text][\/vc_column][\/vc_row][vc_row][vc_column width=&#8221;1\/2&#8243;][vc_column_text]<\/p>\n<table border=\"0\" width=\"931\" cellspacing=\"0\" cellpadding=\"0\">\n<tbody>\n<tr>\n<td bgcolor=\"#FFFFFF\">\n<p><span class=\"yazi\"><strong>| Keskin T\u00fcrk Tesisi |<\/strong><\/span><\/p>\n<p class=\"yazi\">Macaristan s\u0131n\u0131rlar\u0131 i\u00e7inde Kesckemet ilinde, &#8220;KESK\u0130N T\u00dcRK&#8221; tesisi ad\u0131 alt\u0131nda faliyette bulunan dinlenme tesisimiz\u00a0<strong class=\"belirleme\">24 saat bek\u00e7ili ve kameralarla izlenmekte<\/strong>\u00a0olup, ara\u00e7 park\u0131m\u0131z \u015fof\u00f6rlerimize rahat konaklama imkan\u0131, ara\u00e7lara ise g\u00fcvenli bir park hizmet vermektedir.<\/p>\n<\/td>\n<td bgcolor=\"#FFFFFF\"><\/td>\n<\/tr>\n<tr>\n<td bgcolor=\"#FFFFFF\">\n<p class=\"yazi\"><span class=\"belirleme\">Yurt D\u0131\u015f\u0131 Ofis<\/span><br \/>\nKecskemet &#8220;Keskin T\u00fcrk Tesisi&#8221;<br \/>\nKeskin KFT Lajomize Alsa Lajos 76\/A<br \/>\n6050 Kecskemet Macaristan \/ Hungary<br \/>\n00 36 76 456 399<\/td>\n<\/tr>\n<\/tbody>\n<\/table>\n<p>[\/vc_column_text][\/vc_column][vc_column width=&#8221;1\/2&#8243;][vc_column_text]<\/p>\n<table border=\"0\" width=\"931\" cellspacing=\"0\" cellpadding=\"0\">\n<tbody>\n<tr>\n<td class=\"yazi\" bgcolor=\"#FFFFFF\">\n<p><strong>Kroki<\/strong><\/p>\n<p><iframe loading=\"lazy\" src=\"https:\/\/www.google.com\/maps\/embed?pb=!1m18!1m12!1m3!1d2721.320037599812!2d19.602742314861317!3d46.99468863804108!2m3!1f0!2f0!3f0!3m2!1i1024!2i768!4f13.1!3m3!1m2!1s0x0%3A0x1c6b1f131f70805!2sKeskin+Park!5e0!3m2!1str!2str!4v1492984147405\" width=\"700\" height=\"300\" frameborder=\"0\" allowfullscreen=\"allowfullscreen\" data-mce-fragment=\"1\"><\/iframe><\/td>\n<td bgcolor=\"#FFFFFF\"><\/td>\n<\/tr>\n<\/tbody>\n<\/table>\n<p>[\/vc_column_text][\/vc_column][\/vc_row][vc_row][vc_column][vc_separator border_width=&#8221;2&#8243;][\/vc_column][\/vc_row]<\/p>\n<\/div>","protected":false},"excerpt":{"rendered":"<p>[vc_row][vc_column][vc_custom_heading text=&#8221;KESK\u0130N T\u00dcRK TES\u0130S\u0130 | KECSKEMET MACAR\u0130STAN \/ HUNGARY&#8221; font_container=&#8221;tag:h4|text_align:center|color:%23000000&#8243; google_fonts=&#8221;font_family:Titillium%20Web%3A200%2C200italic%2C300%2C300italic%2Cregular%2Citalic%2C600%2C600italic%2C700%2C700italic%2C900|font_style:400%20regular%3A400%3Anormal&#8221;][vc_separator border_width=&#8221;2&#8243;][\/vc_column][\/vc_row][vc_row][vc_column][vc_images_carousel images=&#8221;1389,1390,1391,1392,1393,1394,1395,1396,1397&#8243; img_size=&#8221;full&#8221; speed=&#8221;3000&#8243; slides_per_view=&#8221;3&#8243; autoplay=&#8221;yes&#8221; wrap=&#8221;yes&#8221;][\/vc_column][\/vc_row][vc_row][vc_column width=&#8221;2\/3&#8243;][vc_single_image image=&#8221;1344&#8243; img_size=&#8221;full&#8221;][\/vc_column][vc_column width=&#8221;1\/3&#8243;][vc_single_image image=&#8221;1399&#8243; img_size=&#8221;medium&#8221; alignment=&#8221;center&#8221; label=&#8221;&#8221;][vc_column_text] YurtD\u0131\u015f\u0131 Sorumlusu Sedat KESK\u0130N sedatkeskin@keskinkartal.com [\/vc_column_text][\/vc_column][\/vc_row][vc_row][vc_column width=&#8221;1\/2&#8243;][vc_column_text] | Keskin T\u00fcrk Tesisi | Macaristan s\u0131n\u0131rlar\u0131 i\u00e7inde Kesckemet ilinde, &#8220;KESK\u0130N T\u00dcRK&#8221; tesisi ad\u0131 alt\u0131nda faliyette bulunan dinlenme tesisimiz\u00a024 saat bek\u00e7ili ve [&hellip;]<\/p>\n","protected":false},"author":1,"featured_media":0,"parent":0,"menu_order":0,"comment_status":"closed","ping_status":"closed","template":"","meta":{"footnotes":""},"class_list":["post-1346","page","type-page","status-publish","hentry"],"_links":{"self":[{"href":"http:\/\/ulunakliyat.com.tr\/index.php\/wp-json\/wp\/v2\/pages\/1346","targetHints":{"allow":["GET"]}}],"collection":[{"href":"http:\/\/ulunakliyat.com.tr\/index.php\/wp-json\/wp\/v2\/pages"}],"about":[{"href":"http:\/\/ulunakliyat.com.tr\/index.php\/wp-json\/wp\/v2\/types\/page"}],"author":[{"embeddable":true,"href":"http:\/\/ulunakliyat.com.tr\/index.php\/wp-json\/wp\/v2\/users\/1"}],"replies":[{"embeddable":true,"href":"http:\/\/ulunakliyat.com.tr\/index.php\/wp-json\/wp\/v2\/comments?post=1346"}],"version-history":[{"count":4,"href":"http:\/\/ulunakliyat.com.tr\/index.php\/wp-json\/wp\/v2\/pages\/1346\/revisions"}],"predecessor-version":[{"id":1398,"href":"http:\/\/ulunakliyat.com.tr\/index.php\/wp-json\/wp\/v2\/pages\/1346\/revisions\/1398"}],"wp:attachment":[{"href":"http:\/\/ulunakliyat.com.tr\/index.php\/wp-json\/wp\/v2\/media?parent=1346"}],"curies":[{"name":"wp","href":"https:\/\/api.w.org\/{rel}","templated":true}]}}